{"id":31,"date":"2015-11-28T23:26:00","date_gmt":"2015-11-28T22:26:00","guid":{"rendered":"http:\/\/51.254.196.105\/?page_id=25"},"modified":"2015-11-28T23:26:00","modified_gmt":"2015-11-28T22:26:00","slug":"quality-policy","status":"publish","type":"page","link":"https:\/\/mackosova.com\/?page_id=31","title":{"rendered":"Policy"},"content":{"rendered":"<p>To enable the maximum use of quality education services to achieve our students&#8217; goal. Quality is the primary responsibility that every employee of our institution should have. This responsibility can be realized in our institutions which provide a motivating and supportive learning environment, conditions for their training and development as well as an environment in which developments are encouraged.<\/p>\n<p>For the continuous improvement of quality, special importance is given to the research of new practices and original works that are offered in service as soon as possible to our teachers, parents and students.<\/p>\n<p>Every year, Gulistan educational institutions review the quality goals at the level of their schools and units in order to be in a &#8220;continuous development&#8221;. The quality procedures of our institutions are determined by evaluating the requests and suggestions of parents, students in according to the law so that their participation is enabled in this process.<\/p>\n<p>For the effective implementation of the principles of quality, the leadership of educational institutions &#8220;Gulistan&#8221; is in constant cooperation and communication with officials of the Ministry of Education, other education officials, university professionals, company partners and leaders of support units of institutions our.<\/p>\n<hr \/>\n<p>T\u00eb mund\u00ebsojm\u00eb shfryt\u00ebzimin maksimal t\u00eb sh\u00ebrbimeve cil\u00ebsore t\u00eb edukimit p\u00ebr t\u2019i arritur nx\u00ebn\u00ebsit tan\u00eb synimin e tyre. Kualiteti \u00ebsht\u00eb p\u00ebrgjegj\u00ebsia par\u00ebsore t\u00eb cil\u00ebn duhet ta ket\u00eb secili punonj\u00ebs i institucionit ton\u00eb.Kjo p\u00ebrgjegj\u00ebsi mund t\u00eb realizohet n\u00eb institucionet tona t\u00eb cilat ofrojn\u00eb nj\u00eb mjedis t\u00eb m\u00ebsimit motivues dhe mb\u00ebshtet\u00ebs, kushte p\u00ebr aft\u00ebsimin dhe zhvillimin e tyre si dhe nj\u00eb mjedis n\u00eb t\u00eb cilin inkurajohen zhvillimet e reja.<\/p>\n<p>P\u00ebr p\u00ebrmir\u00ebsimin e vazhduesh\u00ebm t\u00eb cil\u00ebsis\u00eb i kushtohet r\u00ebnd\u00ebsi e va\u00e7ant\u00eb hulumtimit t\u00eb praktikave t\u00eb reja dhe punimeve origjinale q\u00eb t\u2019u ofrohen n\u00eb sh\u00ebrbim brenda nj\u00eb kohe sa m\u00eb t\u00eb shkurt\u00ebr m\u00ebsimdh\u00ebn\u00ebsve, prind\u00ebrve dhe nx\u00ebn\u00ebsve tan\u00eb.<\/p>\n<p>Institucionet arsimore \u201cGulistan\u201d \u00e7do vit i rishikojn\u00eb synimet e cil\u00ebsis\u00eb n\u00eb nivel t\u00eb shkollave dhe nj\u00ebsive t\u00eb veta me q\u00ebllim q\u00eb t\u00eb jen\u00eb n\u00eb nj\u00eb \u201czhvillim t\u00eb vazhduesh\u00ebm\u201d .Procedurat e cil\u00ebsis\u00eb s\u00eb institucioneve tona p\u00ebrcaktohen duke vler\u00ebsuar k\u00ebrkesat dhe sugjerimet e prind\u00ebrve, nx\u00ebn\u00ebsve n\u00eb baz\u00eb t\u00eb ligjit k\u00ebshtu q\u00eb n\u00eb k\u00ebt\u00eb proces mund\u00ebsohet edhe pjes\u00ebmarrja e tyre.<\/p>\n<p>P\u00ebr zbatimin efektiv t\u00eb parimeve t\u00eb kualitetit, udh\u00ebheq\u00ebsia e e Institucioneve arsimore \u201cGulistan\u201d \u00ebsht\u00eb n\u00eb nj\u00eb bashk\u00ebpunim dhe komunikim t\u00eb vazhduesh\u00ebm me zyrtar\u00ebt e ministris\u00eb s\u00eb arsimit, zyrtar\u00ebt tjer\u00eb t\u00eb arsimit, profesionist\u00ebt e universitetit, partner\u00ebt e kompanis\u00eb si dhe udh\u00ebheq\u00ebsit e nj\u00ebsive mb\u00ebshtet\u00ebse t\u00eb institucioneve tona.<\/p>\n","protected":false},"excerpt":{"rendered":"<p>To enable the maximum use of quality education services to achieve our students&#8217; goal. Quality is the primary responsibility that every employee of our institution should have. This responsibility can be realized in our institutions which provide a motivating and <a href=\"https:\/\/mackosova.com\/?page_id=31\" class=\"read-more\">Read More &#8230;<\/a><\/p>\n","protected":false},"author":1,"featured_media":0,"parent":0,"menu_order":0,"comment_status":"closed","ping_status":"closed","template":"","meta":{"footnotes":""},"class_list":["post-31","page","type-page","status-publish","hentry"],"_links":{"self":[{"href":"https:\/\/mackosova.com\/index.php?rest_route=\/wp\/v2\/pages\/31","targetHints":{"allow":["GET"]}}],"collection":[{"href":"https:\/\/mackosova.com\/index.php?rest_route=\/wp\/v2\/pages"}],"about":[{"href":"https:\/\/mackosova.com\/index.php?rest_route=\/wp\/v2\/types\/page"}],"author":[{"embeddable":true,"href":"https:\/\/mackosova.com\/index.php?rest_route=\/wp\/v2\/users\/1"}],"replies":[{"embeddable":true,"href":"https:\/\/mackosova.com\/index.php?rest_route=%2Fwp%2Fv2%2Fcomments&post=31"}],"version-history":[{"count":0,"href":"https:\/\/mackosova.com\/index.php?rest_route=\/wp\/v2\/pages\/31\/revisions"}],"wp:attachment":[{"href":"https:\/\/mackosova.com\/index.php?rest_route=%2Fwp%2Fv2%2Fmedia&parent=31"}],"curies":[{"name":"wp","href":"https:\/\/api.w.org\/{rel}","templated":true}]}}