{"id":5512,"date":"2024-10-09T16:52:47","date_gmt":"2024-10-09T16:52:47","guid":{"rendered":"https:\/\/mackosova.com\/?page_id=5512"},"modified":"2024-10-09T16:52:47","modified_gmt":"2024-10-09T16:52:47","slug":"teacher-academy","status":"publish","type":"page","link":"https:\/\/mackosova.com\/?page_id=5512","title":{"rendered":"Teacher Academy"},"content":{"rendered":"\n<p>\ud83d\udce2 Bashkohu me&nbsp;MAC Teacher Academy! \ud83c\udf4e<\/p>\n\n\n\n<p>A jeni nj\u00eb entuziast i pasionuar i arsimit q\u00eb k\u00ebrkon nj\u00eb mund\u00ebsi p\u00ebr t\u00eb nisur karrier\u00ebn si m\u00ebsimdh\u00ebn\u00ebs? Shkollat Mehmet Akif dhe International School of Prishtina prezantojn\u00eb&nbsp;&nbsp;MAC Teacher Academy&nbsp;&nbsp;&nbsp;\u2013 port\u00ebn tuaj p\u00ebr t&#8217;u b\u00ebr\u00eb nj\u00eb edukator i jasht\u00ebzakonsh\u00ebm! \ud83d\udcda<\/p>\n\n\n\n<p>Rreth Programit:<br>\ud83c\udf1f&nbsp;MAC Teacher Academy&nbsp;\u00ebsht\u00eb nj\u00eb nism\u00eb unike q\u00eb u ofron student\u00ebve t\u00eb universitetit dhe t\u00eb diplomuarve t\u00eb arsimit mund\u00ebsin\u00eb p\u00ebr t\u00eb fituar p\u00ebrvoj\u00eb praktike t\u00eb m\u00ebsimdh\u00ebnies dhe mentorim.<\/p>\n\n\n\n<p>\u00c7far\u00eb ofrojm\u00eb ne:<\/p>\n\n\n\n<p>\ud83c\udf93 Trajnim gjith\u00ebp\u00ebrfshir\u00ebs si n\u00eb teori ashtu edhe n\u00eb praktik\u00eb.<br>\ud83d\udc65 Mentorim nga m\u00ebsimdh\u00ebn\u00ebs me p\u00ebrvoj\u00eb.<br>\ud83c\udf06 P\u00ebrvoj\u00eb praktike n\u00eb mjedise reale n\u00eb klas\u00eb.<\/p>\n\n\n\n<p>Pse t\u00eb bashkohuni me ne:<\/p>\n\n\n\n<p>\ud83d\ude80 Nisni karrier\u00ebn tuaj n\u00eb arsim me nj\u00eb institucion prestigjioz.<br>\ud83c\udf10 B\u00ebni nj\u00eb ndikim t\u00eb q\u00ebndruesh\u00ebm n\u00eb mendjet e t\u00eb rinjve.<br>\ud83d\udcc8 Zhbllokoni potencialin tuaj si nj\u00eb m\u00ebsues i shquar.<\/p>\n\n\n\n<p>Apliko tani:<\/p>\n\n\n\n<p><a href=\"https:\/\/forms.gle\/U5hYL5WUGwZTaCSn8\">https:\/\/forms.gle\/U5hYL5WUGwZTaCSn8<\/a><\/p>\n\n\n\n<p><\/p>\n\n\n\n<figure class=\"wp-block-image size-large has-lightbox\"><a href=\"https:\/\/forms.gle\/U5hYL5WUGwZTaCSn8\"><img loading=\"lazy\" decoding=\"async\" width=\"1024\" height=\"1024\" src=\"https:\/\/serene-burnell.167-86-125-235.plesk.page\/wp-content\/uploads\/2024\/10\/teacher-academy-2024-251942042262711999040-1024x1024.jpg\" alt=\"\" class=\"wp-image-5514\" srcset=\"https:\/\/mackosova.com\/wp-content\/uploads\/2024\/10\/teacher-academy-2024-251942042262711999040-1024x1024.jpg 1024w, https:\/\/mackosova.com\/wp-content\/uploads\/2024\/10\/teacher-academy-2024-251942042262711999040-300x300.jpg 300w, https:\/\/mackosova.com\/wp-content\/uploads\/2024\/10\/teacher-academy-2024-251942042262711999040-150x150.jpg 150w, https:\/\/mackosova.com\/wp-content\/uploads\/2024\/10\/teacher-academy-2024-251942042262711999040-768x768.jpg 768w, https:\/\/mackosova.com\/wp-content\/uploads\/2024\/10\/teacher-academy-2024-251942042262711999040-1536x1536.jpg 1536w, https:\/\/mackosova.com\/wp-content\/uploads\/2024\/10\/teacher-academy-2024-251942042262711999040-270x270.jpg 270w, https:\/\/mackosova.com\/wp-content\/uploads\/2024\/10\/teacher-academy-2024-251942042262711999040.jpg 2000w\" sizes=\"auto, (max-width: 1024px) 100vw, 1024px\" \/><\/a><\/figure>\n","protected":false},"excerpt":{"rendered":"<p>\ud83d\udce2 Bashkohu me&nbsp;MAC Teacher Academy! \ud83c\udf4e A jeni nj\u00eb entuziast i pasionuar i arsimit q\u00eb k\u00ebrkon nj\u00eb mund\u00ebsi p\u00ebr t\u00eb nisur karrier\u00ebn si m\u00ebsimdh\u00ebn\u00ebs? Shkollat Mehmet Akif dhe International School of Prishtina prezantojn\u00eb&nbsp;&nbsp;MAC Teacher Academy&nbsp;&nbsp;&nbsp;\u2013 port\u00ebn tuaj p\u00ebr t&#8217;u b\u00ebr\u00eb <a href=\"https:\/\/mackosova.com\/?page_id=5512\" class=\"read-more\">Read More &#8230;<\/a><\/p>\n","protected":false},"author":1,"featured_media":0,"parent":0,"menu_order":0,"comment_status":"closed","ping_status":"closed","template":"","meta":{"footnotes":""},"class_list":["post-5512","page","type-page","status-publish","hentry"],"_links":{"self":[{"href":"https:\/\/mackosova.com\/index.php?rest_route=\/wp\/v2\/pages\/5512","targetHints":{"allow":["GET"]}}],"collection":[{"href":"https:\/\/mackosova.com\/index.php?rest_route=\/wp\/v2\/pages"}],"about":[{"href":"https:\/\/mackosova.com\/index.php?rest_route=\/wp\/v2\/types\/page"}],"author":[{"embeddable":true,"href":"https:\/\/mackosova.com\/index.php?rest_route=\/wp\/v2\/users\/1"}],"replies":[{"embeddable":true,"href":"https:\/\/mackosova.com\/index.php?rest_route=%2Fwp%2Fv2%2Fcomments&post=5512"}],"version-history":[{"count":0,"href":"https:\/\/mackosova.com\/index.php?rest_route=\/wp\/v2\/pages\/5512\/revisions"}],"wp:attachment":[{"href":"https:\/\/mackosova.com\/index.php?rest_route=%2Fwp%2Fv2%2Fmedia&parent=5512"}],"curies":[{"name":"wp","href":"https:\/\/api.w.org\/{rel}","templated":true}]}}